s the greatest common factor of 1702 and 4243937?
851
What is the highest common factor of 140543 and 1729?
247
Calculate the greatest common factor of 852780 and 61.
61
What is the greatest common factor of 15 and 38235?
15
What is the greatest common divisor of 550 and 956230?
110
Calculate the highest common factor of 60 and 837990.
30
What is the highest common divisor of 736 and 13294?
46
What is the highest common divisor of 62290 and 60?
10
Calculate the highest common factor of 17578 and 44.
22
Calculate the highest common divisor of 120 and 110760.
120
Calculate the greatest common factor of 111902 and 196.
14
Calculate the greatest common divisor of 175 and 243725.
25
Calculate the greatest common factor of 904970 and 836.
418
What is the greatest common factor of 72 and 79506?
18
Calculate the highest common factor of 49 and 81452.
7
Calculate the highest common divisor of 429090 and 10.
10
What is the greatest common divisor of 275 and 52239?
11
What is the highest common factor of 7385 and 9730?
35
Calculate the highest common divisor of 7 and 24339.
7
What is the highest common factor of 23504 and 40?
8
Calculate the highest common divisor of 7124 and 91.
13
Calculate the greatest common factor of 265 and 2491.
53
What is the greatest common factor of 667739 and 74?
37
Calculate the greatest common factor of 3804674 and 7847.
1121
Calculate the highest common divisor of 2412 and 3060.
36
Calculate the greatest common factor of 22357251 and 63.
63
What is the highest common divisor of 678 and 1110112?
226
Calculate the greatest common divisor of 64491 and 15.
3
Calculate the highest common factor of 33 and 47289.
33
What is the greatest common divisor of 932 and 1024?
4
Calculate the greatest common divisor of 21816 and 1674.
54
Calculate the highest common divisor of 2154099 and 82.
41
What is the highest common factor of 18 and 33993?
9
What is the greatest common factor of 5136 and 48?
48
Calculate the greatest common divisor of 4032 and 10692.
36
What is the greatest common divisor of 66 and 31284?
66
What is the greatest common factor of 11844 and 103306?
658
Calculate the highest common factor of 844800 and 100.
100
Calculate the greatest common divisor of 125 and 918875.
125
What is the highest common factor of 2015 and 10?
5
Calculate the highest common factor of 5610 and 47940.
510
Calculate the greatest common factor of 11641 and 581.
7
Calculate the highest common factor of 720 and 4880.
80
What is the greatest common factor of 68596 and 484?
44
Calculate the highest common divisor of 123 and 1189.
41
What is the greatest common divisor of 626344 and 944?
472
Calculate the greatest common factor of 195345 and 135.
135
What is the highest common divisor of 230494 and 1078?
22
What is the highest common divisor of 190937 and 41?
41
Calculate the greatest common factor of 996 and 6924.
12
What is the greatest common factor of 7447772 and 19?
19
What is the highest common divisor of 26313 and 11993?
179
What is the greatest common divisor of 22 and 904?
2
Calculate the greatest common divisor of 335241 and 39951.
1737
Calculate the greatest common factor of 11 and 124608.
11
Calculate the greatest common divisor of 31 and 33883.
31
Calculate the highest common divisor of 105 and 17661.
21
What is the greatest common factor of 35 and 39605?
5
What is the greatest common divisor of 1067 and 101002?
11
Calculate the greatest common factor of 298 and 36356.
298
What is the greatest common divisor of 645 and 276490?
215
Calculate the greatest common factor of 2725800 and 56.
56
What is the greatest common factor of 664 and 99102?
166
What is the greatest common factor of 13 and 286403?
13
What is the highest common divisor of 120460 and 2185?
95
Calculate the highest common divisor of 17 and 97937.
17
Calculate the highest common divisor of 277472 and 16.
16
Calculate the greatest common divisor of 8300 and 7636.
332
What is the highest common divisor of 48258 and 266?
14
Calculate the highest common divisor of 257256 and 16.
8
What is the greatest common divisor of 62893 and 545?
109
Calculate the highest common divisor of 321 and 52323.
321
Calculate the greatest common factor of 312 and 834093.
39
Calculate the greatest common factor of 278050 and 150.
50
What is the highest common factor of 25010 and 6478?
82
Calculate the highest common factor of 115776 and 1296.
432
Calculate the highest common factor of 5681 and 15067.
247
What is the highest common divisor of 143346 and 63?
21
Calculate the highest common divisor of 65489 and 989.
43
Calculate the greatest common divisor of 1856519 and 238.
119
Calculate the highest common divisor of 15800 and 70.
10
What is the greatest common divisor of 11421 and 8037?
423
Calculate the highest common factor of 207 and 274689.
207
Calculate the highest common factor of 180 and 394956.
36
What is the greatest common divisor of 19 and 6473509?
19
Calculate the highest common divisor of 780 and 43524.
156
Calculate the greatest common factor of 3072793 and 844.
211
Calculate the greatest common factor of 72 and 38844.
36
What is the highest common divisor of 3410433 and 156?
39
What is the greatest common divisor of 1791 and 3717?
9
Calculate the highest common divisor of 1684837 and 14.
7
What is the highest common factor of 53 and 133613?
53
What is the highest common divisor of 554702 and 674?
674
Calculate the greatest common factor of 138 and 13892.
46
What is the highest common factor of 200 and 7675?
25
Calculate the greatest common factor of 48852 and 460.
92
Calculate the highest common factor of 3832 and 256265.
479
What is the highest common divisor of 516789 and 36036?
819
What is the greatest common divisor of 1875472 and 467?
467
Calculate the highest common factor of 4 and 1061486.
2
What is the greatest common factor of 295380 and 288?
36
What is the highest common factor of 1713 and 668641?
571
Calculate the greatest common divisor of 9800 and 5684.
196
Calculate the greatest common factor of 9 and 608445.
9
Calculate the greatest common divisor of 14691 and 60009.
249
Calculate the greatest common factor of 213615 and 2350.
235
Calculate the highest common factor of 569079 and 2079.
189
What is the greatest common divisor of 559 and 12922?
13
Calculate the highest common factor of 347 and 228673.
347
What is the greatest common factor of 15717 and 84?
3
Calculate the greatest common factor of 720 and 111.
3
Calculate the highest common divisor of 335385 and 113535.
1305
What is the highest common divisor of 66965 and 7375?
295
What is the greatest common factor of 4 and 1715760?
4
What is the greatest common divisor of 192 and 15612?
12
What is the greatest common factor of 1081990 and 91?
91
What is the greatest common factor of 414 and 8982?
18
Calculate the greatest common divisor of 10670100 and 70.
70
What is the greatest common factor of 747 and 369?
9
Calculate the greatest common factor of 9885 and 10.
5
Calculate the highest common divisor of 177 and 2469.
3
What is the highest common divisor of 1 and 63101?
1
What is the highest common factor of 11 and 2932611?
11
Calculate the highest common divisor of 33453 and 5310.
531
Calculate the greatest common divisor of 745 and 23275.
5
Calculate the greatest common factor of 72 and 236856.
24
What is the greatest common factor of 1740 and 14340?
60
What is the greatest common factor of 25 and 4395?
5
What is the highest common divisor of 48910 and 23986?
134
Calculate the highest common divisor of 2117 and 20367.
73
Calculate the greatest common divisor of 2 and 185828.
2
Calculate the highest common divisor of 95328 and 56.
8
What is the highest common divisor of 774 and 342?
18
Calculate the highest common divisor of 6 and 16266.
6
What is the highest common factor of 3766 and 350?
14
Calculate the greatest common factor of 1909 and 24153.
83
Calculate the highest common divisor of 200194 and 32192.
1006
What is the highest common factor of 520 and 15320?
40
What is the highest common factor of 425 and 527?
17
What is the greatest common factor of 4215 and 2610?
15
Calculate the highest common divisor of 63428 and 606.
202
What is the greatest common factor of 59718 and 851?
37
Calculate the greatest common fa